{"version":"1.0","provider_name":"Institut fran\u00e7ais","provider_url":"https:\/\/www.france.no\/no\/","author_name":"J\u00e9r\u00f4me ANDR\u00c9","author_url":"https:\/\/www.france.no\/no\/author\/jerome\/","title":"F\u00e6rderbiennalen - Institut fran\u00e7ais","type":"rich","width":600,"height":338,"html":"<blockquote class=\"wp-embedded-content\" data-secret=\"45K7QeeqXH\"><a href=\"https:\/\/www.france.no\/no\/2023\/kultur\/faerderbiennalen\/\">F\u00e6rderbiennalen<\/a><\/blockquote><iframe sandbox=\"allow-scripts\" security=\"restricted\" src=\"https:\/\/www.france.no\/no\/2023\/kultur\/faerderbiennalen\/embed\/#?secret=45K7QeeqXH\" width=\"600\" height=\"338\" title=\"&laquo;F\u00e6rderbiennalen&raquo; &#8212; Institut fran\u00e7ais\" data-secret=\"45K7QeeqXH\" frameborder=\"0\" marginwidth=\"0\" marginheight=\"0\" scrolling=\"no\" class=\"wp-embedded-content\"><\/iframe><script>\n\/*! This file is auto-generated *\/\n!function(d,l){\"use strict\";l.querySelector&&d.addEventListener&&\"undefined\"!=typeof URL&&(d.wp=d.wp||{},d.wp.receiveEmbedMessage||(d.wp.receiveEmbedMessage=function(e){var t=e.data;if((t||t.secret||t.message||t.value)&&!\/[^a-zA-Z0-9]\/.test(t.secret)){for(var s,r,n,a=l.querySelectorAll('iframe[data-secret=\"'+t.secret+'\"]'),o=l.querySelectorAll('blockquote[data-secret=\"'+t.secret+'\"]'),c=new RegExp(\"^https?:$\",\"i\"),i=0;i<o.length;i++)o[i].style.display=\"none\";for(i=0;i<a.length;i++)s=a[i],e.source===s.contentWindow&&(s.removeAttribute(\"style\"),\"height\"===t.message?(1e3<(r=parseInt(t.value,10))?r=1e3:~~r<200&&(r=200),s.height=r):\"link\"===t.message&&(r=new URL(s.getAttribute(\"src\")),n=new URL(t.value),c.test(n.protocol))&&n.host===r.host&&l.activeElement===s&&(d.top.location.href=t.value))}},d.addEventListener(\"message\",d.wp.receiveEmbedMessage,!1),l.addEventListener(\"DOMContentLoaded\",function(){for(var e,t,s=l.querySelectorAll(\"iframe.wp-embedded-content\"),r=0;r<s.length;r++)(t=(e=s[r]).getAttribute(\"data-secret\"))||(t=Math.random().toString(36).substring(2,12),e.src+=\"#?secret=\"+t,e.setAttribute(\"data-secret\",t)),e.contentWindow.postMessage({message:\"ready\",secret:t},\"*\")},!1)))}(window,document);\n\/\/# sourceURL=https:\/\/www.france.no\/wp-includes\/js\/wp-embed.min.js\n<\/script>\n","thumbnail_url":"https:\/\/www.france.no\/wp-content\/uploads\/2023\/07\/Photo_Faerderbiennalen-1098x617.jpeg","thumbnail_width":2048,"thumbnail_height":1365,"description":"The first edition of F\u00e6rderbiennalen, international festival of in situ dance and architecture will take place from July 28th to August 6th in Br\u00f8ts\u00f8! On this occasion, the French dance company Adrien M &amp; Claire B will present their show Hanaka\u00ef on August 4th and 5th, for which Institut fran\u00e7ais de Norv\u00e8ge is supporting the [&hellip;]"}

Institut français

Jérôme ANDRÉ

Færderbiennalen - Institut français

<blockquote class="wp-embedded-content" data-secret="45K7QeeqXH"><a href="https://www.france.no/no/2023/kultur/faerderbiennalen/">Færderbiennalen</a></blockquote><iframe sandbox="allow-scripts" security="restricted" src="https://www.france.no/no/2023/kultur/faerderbiennalen/embed/#?secret=45K7QeeqXH" width="600" height="338" title="&laquo;Færderbiennalen&raquo; &#8212; Institut français" data-secret="45K7QeeqXH" frameborder="0" marginwidth="0" marginheight="0" scrolling="no" class="wp-embedded-content"></iframe><script>
/*! This file is auto-generated */
!function(d,l){"use strict";l.querySelector&&d.addEventListener&&"undefined"!=typeof URL&&(d.wp=d.wp||{},d.wp.receiveEmbedMessage||(d.wp.receiveEmbedMessage=function(e){var t=e.data;if((t||t.secret||t.message||t.value)&&!/[^a-zA-Z0-9]/.test(t.secret)){for(var s,r,n,a=l.querySelectorAll('iframe[data-secret="'+t.secret+'"]'),o=l.querySelectorAll('blockquote[data-secret="'+t.secret+'"]'),c=new RegExp("^https?:$","i"),i=0;i<o.length;i++)o[i].style.display="none";for(i=0;i<a.length;i++)s=a[i],e.source===s.contentWindow&&(s.removeAttribute("style"),"height"===t.message?(1e3<(r=parseInt(t.value,10))?r=1e3:~~r<200&&(r=200),s.height=r):"link"===t.message&&(r=new URL(s.getAttribute("src")),n=new URL(t.value),c.test(n.protocol))&&n.host===r.host&&l.activeElement===s&&(d.top.location.href=t.value))}},d.addEventListener("message",d.wp.receiveEmbedMessage,!1),l.addEventListener("DOMContentLoaded",function(){for(var e,t,s=l.querySelectorAll("iframe.wp-embedded-content"),r=0;r<s.length;r++)(t=(e=s[r]).getAttribute("data-secret"))||(t=Math.random().toString(36).substring(2,12),e.src+="#?secret="+t,e.setAttribute("data-secret",t)),e.contentWindow.postMessage({message:"ready",secret:t},"*")},!1)))}(window,document);
//# sourceURL=https://www.france.no/wp-includes/js/wp-embed.min.js
</script>

The first edition of Færderbiennalen, international festival of in situ dance and architecture will take place from July 28th to August 6th in Brøtsø! On this occasion, the French dance company Adrien M &amp; Claire B will present their show Hanakaï on August 4th and 5th, for which Institut français de Norvège is supporting the [&hellip;]
