{"version":"1.0","provider_name":"Institut fran\u00e7ais","provider_url":"https:\/\/www.france.no\/no\/","author_name":"J\u00e9r\u00f4me ANDR\u00c9","author_url":"https:\/\/www.france.no\/no\/author\/jerome\/","title":"Podcast \"Frankrike forklart\": En samtale med Frankrikes nye ambassad\u00f8r til Norge. - Institut fran\u00e7ais","type":"rich","width":600,"height":338,"html":"<blockquote class=\"wp-embedded-content\" data-secret=\"anzFhfpxCR\"><a href=\"https:\/\/www.france.no\/no\/2023\/kultur\/podcast-frankrike-forklart\/\">Podcast &laquo;Frankrike forklart&raquo;: En samtale med Frankrikes nye ambassad\u00f8r til Norge.<\/a><\/blockquote><iframe sandbox=\"allow-scripts\" security=\"restricted\" src=\"https:\/\/www.france.no\/no\/2023\/kultur\/podcast-frankrike-forklart\/embed\/#?secret=anzFhfpxCR\" width=\"600\" height=\"338\" title=\"&laquo;Podcast &laquo;Frankrike forklart&raquo;: En samtale med Frankrikes nye ambassad\u00f8r til Norge.&raquo; &#8212; Institut fran\u00e7ais\" data-secret=\"anzFhfpxCR\" frameborder=\"0\" marginwidth=\"0\" marginheight=\"0\" scrolling=\"no\" class=\"wp-embedded-content\"><\/iframe><script>\n\/*! This file is auto-generated *\/\n!function(d,l){\"use strict\";l.querySelector&&d.addEventListener&&\"undefined\"!=typeof URL&&(d.wp=d.wp||{},d.wp.receiveEmbedMessage||(d.wp.receiveEmbedMessage=function(e){var t=e.data;if((t||t.secret||t.message||t.value)&&!\/[^a-zA-Z0-9]\/.test(t.secret)){for(var s,r,n,a=l.querySelectorAll('iframe[data-secret=\"'+t.secret+'\"]'),o=l.querySelectorAll('blockquote[data-secret=\"'+t.secret+'\"]'),c=new RegExp(\"^https?:$\",\"i\"),i=0;i<o.length;i++)o[i].style.display=\"none\";for(i=0;i<a.length;i++)s=a[i],e.source===s.contentWindow&&(s.removeAttribute(\"style\"),\"height\"===t.message?(1e3<(r=parseInt(t.value,10))?r=1e3:~~r<200&&(r=200),s.height=r):\"link\"===t.message&&(r=new URL(s.getAttribute(\"src\")),n=new URL(t.value),c.test(n.protocol))&&n.host===r.host&&l.activeElement===s&&(d.top.location.href=t.value))}},d.addEventListener(\"message\",d.wp.receiveEmbedMessage,!1),l.addEventListener(\"DOMContentLoaded\",function(){for(var e,t,s=l.querySelectorAll(\"iframe.wp-embedded-content\"),r=0;r<s.length;r++)(t=(e=s[r]).getAttribute(\"data-secret\"))||(t=Math.random().toString(36).substring(2,12),e.src+=\"#?secret=\"+t,e.setAttribute(\"data-secret\",t)),e.contentWindow.postMessage({message:\"ready\",secret:t},\"*\")},!1)))}(window,document);\n<\/script>\n","thumbnail_url":"https:\/\/www.france.no\/wp-content\/uploads\/2023\/01\/Bilde-de-nous-trois-FF-1-1098x617.jpg","thumbnail_width":1536,"thumbnail_height":982,"description":"Institut fran\u00e7ais de Norv\u00e8ge is pleased to support season 7 of podcast Frankrike forklart produced by Kjerstin Aukrust (UiO), Franck Orban (Hi\u00d8) and Geir Uvsl\u00f8kk (UiO). In each episode, the editorial team brings in knowledgeable and Francophile guests on important topics, to understand what is going on in France today, and to learn more about [&hellip;]"}

Institut français

Jérôme ANDRÉ

Podcast "Frankrike forklart": En samtale med Frankrikes nye ambassadør til Norge. - Institut français

<blockquote class="wp-embedded-content" data-secret="anzFhfpxCR"><a href="https://www.france.no/no/2023/kultur/podcast-frankrike-forklart/">Podcast &laquo;Frankrike forklart&raquo;: En samtale med Frankrikes nye ambassadør til Norge.</a></blockquote><iframe sandbox="allow-scripts" security="restricted" src="https://www.france.no/no/2023/kultur/podcast-frankrike-forklart/embed/#?secret=anzFhfpxCR" width="600" height="338" title="&laquo;Podcast &laquo;Frankrike forklart&raquo;: En samtale med Frankrikes nye ambassadør til Norge.&raquo; &#8212; Institut français" data-secret="anzFhfpxCR" frameborder="0" marginwidth="0" marginheight="0" scrolling="no" class="wp-embedded-content"></iframe><script>
/*! This file is auto-generated */
!function(d,l){"use strict";l.querySelector&&d.addEventListener&&"undefined"!=typeof URL&&(d.wp=d.wp||{},d.wp.receiveEmbedMessage||(d.wp.receiveEmbedMessage=function(e){var t=e.data;if((t||t.secret||t.message||t.value)&&!/[^a-zA-Z0-9]/.test(t.secret)){for(var s,r,n,a=l.querySelectorAll('iframe[data-secret="'+t.secret+'"]'),o=l.querySelectorAll('blockquote[data-secret="'+t.secret+'"]'),c=new RegExp("^https?:$","i"),i=0;i<o.length;i++)o[i].style.display="none";for(i=0;i<a.length;i++)s=a[i],e.source===s.contentWindow&&(s.removeAttribute("style"),"height"===t.message?(1e3<(r=parseInt(t.value,10))?r=1e3:~~r<200&&(r=200),s.height=r):"link"===t.message&&(r=new URL(s.getAttribute("src")),n=new URL(t.value),c.test(n.protocol))&&n.host===r.host&&l.activeElement===s&&(d.top.location.href=t.value))}},d.addEventListener("message",d.wp.receiveEmbedMessage,!1),l.addEventListener("DOMContentLoaded",function(){for(var e,t,s=l.querySelectorAll("iframe.wp-embedded-content"),r=0;r<s.length;r++)(t=(e=s[r]).getAttribute("data-secret"))||(t=Math.random().toString(36).substring(2,12),e.src+="#?secret="+t,e.setAttribute("data-secret",t)),e.contentWindow.postMessage({message:"ready",secret:t},"*")},!1)))}(window,document);
</script>

Institut français de Norvège is pleased to support season 7 of podcast Frankrike forklart produced by Kjerstin Aukrust (UiO), Franck Orban (HiØ) and Geir Uvsløkk (UiO). In each episode, the editorial team brings in knowledgeable and Francophile guests on important topics, to understand what is going on in France today, and to learn more about [&hellip;]
