{"version":"1.0","provider_name":"Institut fran\u00e7ais","provider_url":"https:\/\/www.france.no\/no\/","author_name":"P\u00f4le Communication","author_url":"https:\/\/www.france.no\/no\/author\/polecom\/","title":"Frankrike forklart er tilbake med ny sesong - Institut fran\u00e7ais","type":"rich","width":600,"height":338,"html":"<blockquote class=\"wp-embedded-content\" data-secret=\"nrn16kox6e\"><a href=\"https:\/\/www.france.no\/no\/2025\/kultur\/frankrike-forklart-er-tilbake-med-ny-sesong\/\">Frankrike forklart er tilbake med ny sesong<\/a><\/blockquote><iframe sandbox=\"allow-scripts\" security=\"restricted\" src=\"https:\/\/www.france.no\/no\/2025\/kultur\/frankrike-forklart-er-tilbake-med-ny-sesong\/embed\/#?secret=nrn16kox6e\" width=\"600\" height=\"338\" title=\"&laquo;Frankrike forklart er tilbake med ny sesong&raquo; &#8212; Institut fran\u00e7ais\" data-secret=\"nrn16kox6e\" frameborder=\"0\" marginwidth=\"0\" marginheight=\"0\" scrolling=\"no\" class=\"wp-embedded-content\"><\/iframe><script>\n\/*! This file is auto-generated *\/\n!function(d,l){\"use strict\";l.querySelector&&d.addEventListener&&\"undefined\"!=typeof URL&&(d.wp=d.wp||{},d.wp.receiveEmbedMessage||(d.wp.receiveEmbedMessage=function(e){var t=e.data;if((t||t.secret||t.message||t.value)&&!\/[^a-zA-Z0-9]\/.test(t.secret)){for(var s,r,n,a=l.querySelectorAll('iframe[data-secret=\"'+t.secret+'\"]'),o=l.querySelectorAll('blockquote[data-secret=\"'+t.secret+'\"]'),c=new RegExp(\"^https?:$\",\"i\"),i=0;i<o.length;i++)o[i].style.display=\"none\";for(i=0;i<a.length;i++)s=a[i],e.source===s.contentWindow&&(s.removeAttribute(\"style\"),\"height\"===t.message?(1e3<(r=parseInt(t.value,10))?r=1e3:~~r<200&&(r=200),s.height=r):\"link\"===t.message&&(r=new URL(s.getAttribute(\"src\")),n=new URL(t.value),c.test(n.protocol))&&n.host===r.host&&l.activeElement===s&&(d.top.location.href=t.value))}},d.addEventListener(\"message\",d.wp.receiveEmbedMessage,!1),l.addEventListener(\"DOMContentLoaded\",function(){for(var e,t,s=l.querySelectorAll(\"iframe.wp-embedded-content\"),r=0;r<s.length;r++)(t=(e=s[r]).getAttribute(\"data-secret\"))||(t=Math.random().toString(36).substring(2,12),e.src+=\"#?secret=\"+t,e.setAttribute(\"data-secret\",t)),e.contentWindow.postMessage({message:\"ready\",secret:t},\"*\")},!1)))}(window,document);\n\/\/# sourceURL=https:\/\/www.france.no\/wp-includes\/js\/wp-embed.min.js\n<\/script>\n","thumbnail_url":"https:\/\/www.france.no\/wp-content\/uploads\/2025\/01\/Logo-Frankrike-forklart-Landscape-1098x617.png","thumbnail_width":6000,"thumbnail_height":3375,"description":"Institut fran\u00e7ais de Norv\u00e8ge har gleden av \u00e5 st\u00f8tte den 11. sesongen av Frankrike forklart. I denne podkasten skapt av Kjerstin Aukrust, Franck Orban,\u00a0Geir Uvsl\u00f8kk og Anje M\u00fcller Gjesdal inviterer kompetente og frankofile gjester til samtale om temaer som er viktige for \u00e5 forst\u00e5 det som skjer i Frankrike i dag, og for \u00e5 vite [&hellip;]"}

Institut français

Pôle Communication

Frankrike forklart er tilbake med ny sesong - Institut français

<blockquote class="wp-embedded-content" data-secret="nrn16kox6e"><a href="https://www.france.no/no/2025/kultur/frankrike-forklart-er-tilbake-med-ny-sesong/">Frankrike forklart er tilbake med ny sesong</a></blockquote><iframe sandbox="allow-scripts" security="restricted" src="https://www.france.no/no/2025/kultur/frankrike-forklart-er-tilbake-med-ny-sesong/embed/#?secret=nrn16kox6e" width="600" height="338" title="&laquo;Frankrike forklart er tilbake med ny sesong&raquo; &#8212; Institut français" data-secret="nrn16kox6e" frameborder="0" marginwidth="0" marginheight="0" scrolling="no" class="wp-embedded-content"></iframe><script>
/*! This file is auto-generated */
!function(d,l){"use strict";l.querySelector&&d.addEventListener&&"undefined"!=typeof URL&&(d.wp=d.wp||{},d.wp.receiveEmbedMessage||(d.wp.receiveEmbedMessage=function(e){var t=e.data;if((t||t.secret||t.message||t.value)&&!/[^a-zA-Z0-9]/.test(t.secret)){for(var s,r,n,a=l.querySelectorAll('iframe[data-secret="'+t.secret+'"]'),o=l.querySelectorAll('blockquote[data-secret="'+t.secret+'"]'),c=new RegExp("^https?:$","i"),i=0;i<o.length;i++)o[i].style.display="none";for(i=0;i<a.length;i++)s=a[i],e.source===s.contentWindow&&(s.removeAttribute("style"),"height"===t.message?(1e3<(r=parseInt(t.value,10))?r=1e3:~~r<200&&(r=200),s.height=r):"link"===t.message&&(r=new URL(s.getAttribute("src")),n=new URL(t.value),c.test(n.protocol))&&n.host===r.host&&l.activeElement===s&&(d.top.location.href=t.value))}},d.addEventListener("message",d.wp.receiveEmbedMessage,!1),l.addEventListener("DOMContentLoaded",function(){for(var e,t,s=l.querySelectorAll("iframe.wp-embedded-content"),r=0;r<s.length;r++)(t=(e=s[r]).getAttribute("data-secret"))||(t=Math.random().toString(36).substring(2,12),e.src+="#?secret="+t,e.setAttribute("data-secret",t)),e.contentWindow.postMessage({message:"ready",secret:t},"*")},!1)))}(window,document);
//# sourceURL=https://www.france.no/wp-includes/js/wp-embed.min.js
</script>

Institut français de Norvège har gleden av å støtte den 11. sesongen av Frankrike forklart. I denne podkasten skapt av Kjerstin Aukrust, Franck Orban, Geir Uvsløkk og Anje Müller Gjesdal inviterer kompetente og frankofile gjester til samtale om temaer som er viktige for å forstå det som skjer i Frankrike i dag, og for å vite [&hellip;]
