{"id":2463,"date":"2022-12-20T17:42:39","date_gmt":"2022-12-20T16:42:39","guid":{"rendered":"https:\/\/www.france.no\/?page_id=2463"},"modified":"2025-02-14T12:16:07","modified_gmt":"2025-02-14T11:16:07","slug":"pop-up-institut","status":"publish","type":"page","link":"https:\/\/www.france.no\/no\/pop-up-institut\/","title":{"rendered":"Pop-Up Institut !"},"content":{"rendered":"\n<p class=\"has-primary-color has-text-color\"><strong>For \u00e5 styrke samarbeidet med alle v\u00e5re norske samarbeidspartnere, forlater vi kontorene v\u00e5re i Oslo og m\u00f8ter fransktalende og frankofile i ulike byer over hele Norge. <\/strong><\/p>\n\n\n\n<p class=\"has-primary-color has-text-color\">I l\u00f8pet av skole\u00e5ret 2024-2025 kommer vi til disse stedene: Bergen, Kristiansand, Stavanger, Troms\u00f8 og Trondheim.<\/p>\n\n\n\n<p>\u00ab<strong>Pop-Up Institut fran\u00e7ais<\/strong>\u00bb er instituttet p\u00e5 turn\u00e9. Vi er i hver by i flere dager, deltar p\u00e5&nbsp;m\u00f8ter og organiserer arrangementer. De ulike seksjonene p\u00e5 instituttet deltar for \u00e5 fremme det franske spr\u00e5ket, utveksling og studier i Frankrike. Vi \u00f8nsker ogs\u00e5 \u00e5 styrke samarbeid innen forskning og ECIU-universiteter. Programmet inkluderer blant annet bes\u00f8k p\u00e5 skoler og universiteter, infosessions om studier i Frankrike og kulturelle aktiviteter som konferanse-debatter eller filmvisninger.<\/p>\n\n\n\n<h2 class=\"wp-block-heading\"><strong>Forel\u00f8pig kalender for skole\u00e5ret 2024-2025:<\/strong><\/h2>\n\n\n\n<p><strong>Oktober 2024<\/strong>: <a href=\"https:\/\/www.france.no\/no\/2024\/kultur\/pop-up-institut-i-bergen-2024\/\">Bergen (fra 16. til 19. oktober)<\/a><\/p>\n\n\n\n<p><strong>November 2024<\/strong>: Kristiansand (fra 20. til 23. november)<\/p>\n\n\n\n<p>F\u00f8lg oss i sosiale medier for \u00e5 f\u00e5 med deg oppdateringer om Pop-Up-programmet:<br><a href=\"https:\/\/www.facebook.com\/institutfrancaisoslo\" target=\"_blank\" rel=\"noreferrer noopener\">Facebook<\/a><br><a href=\"https:\/\/www.instagram.com\/ifnorvege\/\" target=\"_blank\" rel=\"noreferrer noopener\">Instagram<\/a><br><a href=\"https:\/\/no.linkedin.com\/school\/ifnorvege\/\" target=\"_blank\" rel=\"noreferrer noopener\">LinkedIn<\/a><br><a href=\"https:\/\/x.com\/ifnorvege\" target=\"_blank\" rel=\"noreferrer noopener\">X<\/a><\/p>\n\n\n\n<p><strong>Vi sees snart i din by!<\/strong><\/p>\n","protected":false},"excerpt":{"rendered":"<p>For \u00e5 styrke samarbeidet med alle v\u00e5re norske samarbeidspartnere, forlater vi kontorene v\u00e5re i Oslo og m\u00f8ter fransktalende og frankofile i ulike byer over hele Norge. I l\u00f8pet av skole\u00e5ret 2024-2025 kommer vi til disse stedene: Bergen, Kristiansand, Stavanger, Troms\u00f8 og Trondheim. \u00abPop-Up Institut fran\u00e7ais\u00bb er instituttet p\u00e5 turn\u00e9. Vi er i hver by i [&hellip;]<\/p>\n","protected":false},"author":9,"featured_media":9096,"parent":0,"menu_order":0,"comment_status":"closed","ping_status":"closed","template":"","meta":{"footnotes":""},"categories":[5,15,13,17],"class_list":["post-2463","page","type-page","status-publish","has-post-thumbnail","hentry","category-kultur","category-universitetene","category-utdanning-og-fransk-sprak","category-vitenskap-og-forskning"],"yoast_head":"<!-- This site is optimized with the Yoast SEO plugin v24.2 - https:\/\/yoast.com\/wordpress\/plugins\/seo\/ -->\n<title>Pop-Up Institut ! - Institut fran\u00e7ais<\/title>\n<meta name=\"robots\" content=\"index, follow, max-snippet:-1, max-image-preview:large, max-video-preview:-1\" \/>\n<link rel=\"canonical\" href=\"https:\/\/www.france.no\/no\/pop-up-institut\/\" \/>\n<meta property=\"og:locale\" content=\"nb_NO\" \/>\n<meta property=\"og:type\" content=\"article\" \/>\n<meta property=\"og:title\" content=\"Pop-Up Institut ! - Institut fran\u00e7ais\" \/>\n<meta property=\"og:description\" content=\"For \u00e5 styrke samarbeidet med alle v\u00e5re norske samarbeidspartnere, forlater vi kontorene v\u00e5re i Oslo og m\u00f8ter fransktalende og frankofile i ulike byer over hele Norge. I l\u00f8pet av skole\u00e5ret 2024-2025 kommer vi til disse stedene: Bergen, Kristiansand, Stavanger, Troms\u00f8 og Trondheim. \u00abPop-Up Institut fran\u00e7ais\u00bb er instituttet p\u00e5 turn\u00e9. Vi er i hver by i [&hellip;]\" \/>\n<meta property=\"og:url\" content=\"https:\/\/www.france.no\/no\/pop-up-institut\/\" \/>\n<meta property=\"og:site_name\" content=\"Institut fran\u00e7ais\" \/>\n<meta property=\"article:publisher\" content=\"https:\/\/www.facebook.com\/institutfrancaisoslo\" \/>\n<meta property=\"article:modified_time\" content=\"2025-02-14T11:16:07+00:00\" \/>\n<meta property=\"og:image\" content=\"https:\/\/www.france.no\/wp-content\/uploads\/2024\/10\/Pop-Up-Institut-Across-Norway-2024-2025_SITE-1.png\" \/>\n\t<meta property=\"og:image:width\" content=\"5125\" \/>\n\t<meta property=\"og:image:height\" content=\"2888\" \/>\n\t<meta property=\"og:image:type\" content=\"image\/png\" \/>\n<meta name=\"twitter:card\" content=\"summary_large_image\" \/>\n<meta name=\"twitter:site\" content=\"@ifnorvege\" \/>\n<meta name=\"twitter:label1\" content=\"Ansl. lesetid\" \/>\n\t<meta name=\"twitter:data1\" content=\"1 minutt\" \/>\n<script type=\"application\/ld+json\" class=\"yoast-schema-graph\">{\"@context\":\"https:\/\/schema.org\",\"@graph\":[{\"@type\":\"WebPage\",\"@id\":\"https:\/\/www.france.no\/no\/pop-up-institut\/\",\"url\":\"https:\/\/www.france.no\/no\/pop-up-institut\/\",\"name\":\"Pop-Up Institut ! - Institut fran\u00e7ais\",\"isPartOf\":{\"@id\":\"https:\/\/www.france.no\/no\/#website\"},\"primaryImageOfPage\":{\"@id\":\"https:\/\/www.france.no\/no\/pop-up-institut\/#primaryimage\"},\"image\":{\"@id\":\"https:\/\/www.france.no\/no\/pop-up-institut\/#primaryimage\"},\"thumbnailUrl\":\"https:\/\/www.france.no\/wp-content\/uploads\/2024\/10\/Pop-Up-Institut-Across-Norway-2024-2025_SITE-1.png\",\"datePublished\":\"2022-12-20T16:42:39+00:00\",\"dateModified\":\"2025-02-14T11:16:07+00:00\",\"breadcrumb\":{\"@id\":\"https:\/\/www.france.no\/no\/pop-up-institut\/#breadcrumb\"},\"inLanguage\":\"nb-NO\",\"potentialAction\":[{\"@type\":\"ReadAction\",\"target\":[\"https:\/\/www.france.no\/no\/pop-up-institut\/\"]}]},{\"@type\":\"ImageObject\",\"inLanguage\":\"nb-NO\",\"@id\":\"https:\/\/www.france.no\/no\/pop-up-institut\/#primaryimage\",\"url\":\"https:\/\/www.france.no\/wp-content\/uploads\/2024\/10\/Pop-Up-Institut-Across-Norway-2024-2025_SITE-1.png\",\"contentUrl\":\"https:\/\/www.france.no\/wp-content\/uploads\/2024\/10\/Pop-Up-Institut-Across-Norway-2024-2025_SITE-1.png\",\"width\":5125,\"height\":2888},{\"@type\":\"BreadcrumbList\",\"@id\":\"https:\/\/www.france.no\/no\/pop-up-institut\/#breadcrumb\",\"itemListElement\":[{\"@type\":\"ListItem\",\"position\":1,\"name\":\"\",\"item\":\"https:\/\/www.france.no\/no\/\"},{\"@type\":\"ListItem\",\"position\":2,\"name\":\"Pop-Up Institut !\"}]},{\"@type\":\"WebSite\",\"@id\":\"https:\/\/www.france.no\/no\/#website\",\"url\":\"https:\/\/www.france.no\/no\/\",\"name\":\"Institut fran\u00e7ais\",\"description\":\"Norv\u00e8ge\",\"publisher\":{\"@id\":\"https:\/\/www.france.no\/no\/#organization\"},\"potentialAction\":[{\"@type\":\"SearchAction\",\"target\":{\"@type\":\"EntryPoint\",\"urlTemplate\":\"https:\/\/www.france.no\/no\/?s={search_term_string}\"},\"query-input\":{\"@type\":\"PropertyValueSpecification\",\"valueRequired\":true,\"valueName\":\"search_term_string\"}}],\"inLanguage\":\"nb-NO\"},{\"@type\":\"Organization\",\"@id\":\"https:\/\/www.france.no\/no\/#organization\",\"name\":\"Institut fran\u00e7ais\",\"url\":\"https:\/\/www.france.no\/no\/\",\"logo\":{\"@type\":\"ImageObject\",\"inLanguage\":\"nb-NO\",\"@id\":\"https:\/\/www.france.no\/no\/#\/schema\/logo\/image\/\",\"url\":\"https:\/\/www.france.no\/wp-content\/uploads\/2022\/11\/IF_Logo_Sans_Bleu_RVB.png\",\"contentUrl\":\"https:\/\/www.france.no\/wp-content\/uploads\/2022\/11\/IF_Logo_Sans_Bleu_RVB.png\",\"width\":852,\"height\":591,\"caption\":\"Institut fran\u00e7ais\"},\"image\":{\"@id\":\"https:\/\/www.france.no\/no\/#\/schema\/logo\/image\/\"},\"sameAs\":[\"https:\/\/www.facebook.com\/institutfrancaisoslo\",\"https:\/\/x.com\/ifnorvege\",\"https:\/\/instagram.com\/ifnorvege\"]}]}<\/script>\n<!-- \/ Yoast SEO plugin. -->","yoast_head_json":{"title":"Pop-Up Institut ! - Institut fran\u00e7ais","robots":{"index":"index","follow":"follow","max-snippet":"max-snippet:-1","max-image-preview":"max-image-preview:large","max-video-preview":"max-video-preview:-1"},"canonical":"https:\/\/www.france.no\/no\/pop-up-institut\/","og_locale":"nb_NO","og_type":"article","og_title":"Pop-Up Institut ! - Institut fran\u00e7ais","og_description":"For \u00e5 styrke samarbeidet med alle v\u00e5re norske samarbeidspartnere, forlater vi kontorene v\u00e5re i Oslo og m\u00f8ter fransktalende og frankofile i ulike byer over hele Norge. I l\u00f8pet av skole\u00e5ret 2024-2025 kommer vi til disse stedene: Bergen, Kristiansand, Stavanger, Troms\u00f8 og Trondheim. \u00abPop-Up Institut fran\u00e7ais\u00bb er instituttet p\u00e5 turn\u00e9. Vi er i hver by i [&hellip;]","og_url":"https:\/\/www.france.no\/no\/pop-up-institut\/","og_site_name":"Institut fran\u00e7ais","article_publisher":"https:\/\/www.facebook.com\/institutfrancaisoslo","article_modified_time":"2025-02-14T11:16:07+00:00","og_image":[{"width":5125,"height":2888,"url":"https:\/\/www.france.no\/wp-content\/uploads\/2024\/10\/Pop-Up-Institut-Across-Norway-2024-2025_SITE-1.png","type":"image\/png"}],"twitter_card":"summary_large_image","twitter_site":"@ifnorvege","twitter_misc":{"Ansl. lesetid":"1 minutt"},"schema":{"@context":"https:\/\/schema.org","@graph":[{"@type":"WebPage","@id":"https:\/\/www.france.no\/no\/pop-up-institut\/","url":"https:\/\/www.france.no\/no\/pop-up-institut\/","name":"Pop-Up Institut ! - Institut fran\u00e7ais","isPartOf":{"@id":"https:\/\/www.france.no\/no\/#website"},"primaryImageOfPage":{"@id":"https:\/\/www.france.no\/no\/pop-up-institut\/#primaryimage"},"image":{"@id":"https:\/\/www.france.no\/no\/pop-up-institut\/#primaryimage"},"thumbnailUrl":"https:\/\/www.france.no\/wp-content\/uploads\/2024\/10\/Pop-Up-Institut-Across-Norway-2024-2025_SITE-1.png","datePublished":"2022-12-20T16:42:39+00:00","dateModified":"2025-02-14T11:16:07+00:00","breadcrumb":{"@id":"https:\/\/www.france.no\/no\/pop-up-institut\/#breadcrumb"},"inLanguage":"nb-NO","potentialAction":[{"@type":"ReadAction","target":["https:\/\/www.france.no\/no\/pop-up-institut\/"]}]},{"@type":"ImageObject","inLanguage":"nb-NO","@id":"https:\/\/www.france.no\/no\/pop-up-institut\/#primaryimage","url":"https:\/\/www.france.no\/wp-content\/uploads\/2024\/10\/Pop-Up-Institut-Across-Norway-2024-2025_SITE-1.png","contentUrl":"https:\/\/www.france.no\/wp-content\/uploads\/2024\/10\/Pop-Up-Institut-Across-Norway-2024-2025_SITE-1.png","width":5125,"height":2888},{"@type":"BreadcrumbList","@id":"https:\/\/www.france.no\/no\/pop-up-institut\/#breadcrumb","itemListElement":[{"@type":"ListItem","position":1,"name":"","item":"https:\/\/www.france.no\/no\/"},{"@type":"ListItem","position":2,"name":"Pop-Up Institut !"}]},{"@type":"WebSite","@id":"https:\/\/www.france.no\/no\/#website","url":"https:\/\/www.france.no\/no\/","name":"Institut fran\u00e7ais","description":"Norv\u00e8ge","publisher":{"@id":"https:\/\/www.france.no\/no\/#organization"},"potentialAction":[{"@type":"SearchAction","target":{"@type":"EntryPoint","urlTemplate":"https:\/\/www.france.no\/no\/?s={search_term_string}"},"query-input":{"@type":"PropertyValueSpecification","valueRequired":true,"valueName":"search_term_string"}}],"inLanguage":"nb-NO"},{"@type":"Organization","@id":"https:\/\/www.france.no\/no\/#organization","name":"Institut fran\u00e7ais","url":"https:\/\/www.france.no\/no\/","logo":{"@type":"ImageObject","inLanguage":"nb-NO","@id":"https:\/\/www.france.no\/no\/#\/schema\/logo\/image\/","url":"https:\/\/www.france.no\/wp-content\/uploads\/2022\/11\/IF_Logo_Sans_Bleu_RVB.png","contentUrl":"https:\/\/www.france.no\/wp-content\/uploads\/2022\/11\/IF_Logo_Sans_Bleu_RVB.png","width":852,"height":591,"caption":"Institut fran\u00e7ais"},"image":{"@id":"https:\/\/www.france.no\/no\/#\/schema\/logo\/image\/"},"sameAs":["https:\/\/www.facebook.com\/institutfrancaisoslo","https:\/\/x.com\/ifnorvege","https:\/\/instagram.com\/ifnorvege"]}]}},"_links":{"self":[{"href":"https:\/\/www.france.no\/no\/wp-json\/wp\/v2\/pages\/2463","targetHints":{"allow":["GET"]}}],"collection":[{"href":"https:\/\/www.france.no\/no\/wp-json\/wp\/v2\/pages"}],"about":[{"href":"https:\/\/www.france.no\/no\/wp-json\/wp\/v2\/types\/page"}],"author":[{"embeddable":true,"href":"https:\/\/www.france.no\/no\/wp-json\/wp\/v2\/users\/9"}],"replies":[{"embeddable":true,"href":"https:\/\/www.france.no\/no\/wp-json\/wp\/v2\/comments?post=2463"}],"version-history":[{"count":31,"href":"https:\/\/www.france.no\/no\/wp-json\/wp\/v2\/pages\/2463\/revisions"}],"predecessor-version":[{"id":11984,"href":"https:\/\/www.france.no\/no\/wp-json\/wp\/v2\/pages\/2463\/revisions\/11984"}],"wp:featuredmedia":[{"embeddable":true,"href":"https:\/\/www.france.no\/no\/wp-json\/wp\/v2\/media\/9096"}],"wp:attachment":[{"href":"https:\/\/www.france.no\/no\/wp-json\/wp\/v2\/media?parent=2463"}],"wp:term":[{"taxonomy":"category","embeddable":true,"href":"https:\/\/www.france.no\/no\/wp-json\/wp\/v2\/categories?post=2463"}],"curies":[{"name":"wp","href":"https:\/\/api.w.org\/{rel}","templated":true}]}}

<p class="has-primary-color has-text-color"><strong>For å styrke samarbeidet med alle våre norske samarbeidspartnere, forlater vi kontorene våre i Oslo og møter fransktalende og frankofile i ulike byer over hele Norge. </strong></p>



<p class="has-primary-color has-text-color">I løpet av skoleåret 2024-2025 kommer vi til disse stedene: Bergen, Kristiansand, Stavanger, Tromsø og Trondheim.</p>



<p>«<strong>Pop-Up Institut français</strong>» er instituttet på turné. Vi er i hver by i flere dager, deltar på&nbsp;møter og organiserer arrangementer. De ulike seksjonene på instituttet deltar for å fremme det franske språket, utveksling og studier i Frankrike. Vi ønsker også å styrke samarbeid innen forskning og ECIU-universiteter. Programmet inkluderer blant annet besøk på skoler og universiteter, infosessions om studier i Frankrike og kulturelle aktiviteter som konferanse-debatter eller filmvisninger.</p>



<h2 class="wp-block-heading"><strong>Foreløpig kalender for skoleåret 2024-2025:</strong></h2>



<p><strong>Oktober 2024</strong>: <a href="https://www.france.no/no/2024/kultur/pop-up-institut-i-bergen-2024/">Bergen (fra 16. til 19. oktober)</a></p>



<p><strong>November 2024</strong>: Kristiansand (fra 20. til 23. november)</p>



<p>Følg oss i sosiale medier for å få med deg oppdateringer om Pop-Up-programmet:<br><a href="https://www.facebook.com/institutfrancaisoslo" target="_blank" rel="noreferrer noopener">Facebook</a><br><a href="https://www.instagram.com/ifnorvege/" target="_blank" rel="noreferrer noopener">Instagram</a><br><a href="https://no.linkedin.com/school/ifnorvege/" target="_blank" rel="noreferrer noopener">LinkedIn</a><br><a href="https://x.com/ifnorvege" target="_blank" rel="noreferrer noopener">X</a></p>



<p><strong>Vi sees snart i din by!</strong></p>

<p>For å styrke samarbeidet med alle våre norske samarbeidspartnere, forlater vi kontorene våre i Oslo og møter fransktalende og frankofile i ulike byer over hele Norge. I løpet av skoleåret 2024-2025 kommer vi til disse stedene: Bergen, Kristiansand, Stavanger, Tromsø og Trondheim. «Pop-Up Institut français» er instituttet på turné. Vi er i hver by i [&hellip;]</p>

<!-- This site is optimized with the Yoast SEO plugin v24.2 - https://yoast.com/wordpress/plugins/seo/ -->
<title>Pop-Up Institut ! - Institut français</title>
<meta name="robots" content="index, follow, max-snippet:-1, max-image-preview:large, max-video-preview:-1" />
<link rel="canonical" href="https://www.france.no/no/pop-up-institut/" />
<meta property="og:locale" content="nb_NO" />
<meta property="og:type" content="article" />
<meta property="og:title" content="Pop-Up Institut ! - Institut français" />
<meta property="og:description" content="For å styrke samarbeidet med alle våre norske samarbeidspartnere, forlater vi kontorene våre i Oslo og møter fransktalende og frankofile i ulike byer over hele Norge. I løpet av skoleåret 2024-2025 kommer vi til disse stedene: Bergen, Kristiansand, Stavanger, Tromsø og Trondheim. «Pop-Up Institut français» er instituttet på turné. Vi er i hver by i [&hellip;]" />
<meta property="og:url" content="https://www.france.no/no/pop-up-institut/" />
<meta property="og:site_name" content="Institut français" />
<meta property="article:publisher" content="https://www.facebook.com/institutfrancaisoslo" />
<meta property="article:modified_time" content="2025-02-14T11:16:07+00:00" />
<meta property="og:image" content="https://www.france.no/wp-content/uploads/2024/10/Pop-Up-Institut-Across-Norway-2024-2025_SITE-1.png" />
	<meta property="og:image:width" content="5125" />
	<meta property="og:image:height" content="2888" />
	<meta property="og:image:type" content="image/png" />
<meta name="twitter:card" content="summary_large_image" />
<meta name="twitter:site" content="@ifnorvege" />
<meta name="twitter:label1" content="Ansl. lesetid" />
	<meta name="twitter:data1" content="1 minutt" />
<script type="application/ld+json" class="yoast-schema-graph">{"@context":"https://schema.org","@graph":[{"@type":"WebPage","@id":"https://www.france.no/no/pop-up-institut/","url":"https://www.france.no/no/pop-up-institut/","name":"Pop-Up Institut ! - Institut français","isPartOf":{"@id":"https://www.france.no/no/#website"},"primaryImageOfPage":{"@id":"https://www.france.no/no/pop-up-institut/#primaryimage"},"image":{"@id":"https://www.france.no/no/pop-up-institut/#primaryimage"},"thumbnailUrl":"https://www.france.no/wp-content/uploads/2024/10/Pop-Up-Institut-Across-Norway-2024-2025_SITE-1.png","datePublished":"2022-12-20T16:42:39+00:00","dateModified":"2025-02-14T11:16:07+00:00","breadcrumb":{"@id":"https://www.france.no/no/pop-up-institut/#breadcrumb"},"inLanguage":"nb-NO","potentialAction":[{"@type":"ReadAction","target":["https://www.france.no/no/pop-up-institut/"]}]},{"@type":"ImageObject","inLanguage":"nb-NO","@id":"https://www.france.no/no/pop-up-institut/#primaryimage","url":"https://www.france.no/wp-content/uploads/2024/10/Pop-Up-Institut-Across-Norway-2024-2025_SITE-1.png","contentUrl":"https://www.france.no/wp-content/uploads/2024/10/Pop-Up-Institut-Across-Norway-2024-2025_SITE-1.png","width":5125,"height":2888},{"@type":"BreadcrumbList","@id":"https://www.france.no/no/pop-up-institut/#breadcrumb","itemListElement":[{"@type":"ListItem","position":1,"name":"","item":"https://www.france.no/no/"},{"@type":"ListItem","position":2,"name":"Pop-Up Institut !"}]},{"@type":"WebSite","@id":"https://www.france.no/no/#website","url":"https://www.france.no/no/","name":"Institut français","description":"Norvège","publisher":{"@id":"https://www.france.no/no/#organization"},"potentialAction":[{"@type":"SearchAction","target":{"@type":"EntryPoint","urlTemplate":"https://www.france.no/no/?s={search_term_string}"},"query-input":{"@type":"PropertyValueSpecification","valueRequired":true,"valueName":"search_term_string"}}],"inLanguage":"nb-NO"},{"@type":"Organization","@id":"https://www.france.no/no/#organization","name":"Institut français","url":"https://www.france.no/no/","logo":{"@type":"ImageObject","inLanguage":"nb-NO","@id":"https://www.france.no/no/#/schema/logo/image/","url":"https://www.france.no/wp-content/uploads/2022/11/IF_Logo_Sans_Bleu_RVB.png","contentUrl":"https://www.france.no/wp-content/uploads/2022/11/IF_Logo_Sans_Bleu_RVB.png","width":852,"height":591,"caption":"Institut français"},"image":{"@id":"https://www.france.no/no/#/schema/logo/image/"},"sameAs":["https://www.facebook.com/institutfrancaisoslo","https://x.com/ifnorvege","https://instagram.com/ifnorvege"]}]}</script>
<!-- / Yoast SEO plugin. -->

Pop-Up Institut ! - Institut français

For å styrke samarbeidet med alle våre norske samarbeidspartnere, forlater vi kontorene våre i Oslo og møter fransktalende og frankofile i ulike byer over hele Norge. I løpet av skoleåret 2024-2025 kommer vi til disse stedene: Bergen, Kristiansand, Stavanger, Tromsø og Trondheim. «Pop-Up Institut français» er instituttet på turné. Vi er i hver by i [&hellip;]

Institut français

Norvège
